alse
Is 8716710259 a composite number?
False
Is 6053361323 prime?
True
Is 24814423709 prime?
True
Is 315671813 composite?
False
Is 6154451461 a composite number?
True
Is 7520786797 prime?
True
Is 994545043 composite?
False
Is 1289210459 composite?
False
Is 11173031509 a prime number?
True
Is 1559855669 a prime number?
True
Is 134415875821 a composite number?
True
Is 98126342881 a prime number?
False
Is 23799498017 a composite number?
True
Is 733216997 a composite number?
False
Is 60360350487 composite?
True
Is 1465777661 a prime number?
True
Is 1659856871 prime?
False
Is 7388113 composite?
True
Is 651456677 composite?
True
Is 28532273537 a prime number?
False
Is 13032662903 a composite number?
True
Is 4498038971 prime?
True
Is 8991198319 a prime number?
False
Is 16143057499 a prime number?
True
Is 1005238859 composite?
True
Is 1240437293 a composite number?
False
Is 20272201019 a prime number?
False
Is 1630810919 prime?
False
Is 710713891 prime?
False
Is 36899963 composite?
False
Is 67309093 composite?
True
Is 4007388373 a prime number?
True
Is 134439659 prime?
True
Is 86627059037 a prime number?
True
Is 24112878737 a composite number?
False
Is 5417236529 a prime number?
False
Is 17018808539 prime?
False
Is 28020505033 a prime number?
True
Is 22119961733 prime?
True
Is 3628469191 a composite number?
False
Is 30815127569 a composite number?
False
Is 6731136151 a prime number?
True
Is 2995845089 a composite number?
False
Is 35872485769 a composite number?
False
Is 194948156762 a composite number?
True
Is 7875407887 composite?
True
Is 144465851 composite?
False
Is 312425587 a prime number?
True
Is 2030908003 composite?
False
Is 492143809 composite?
True
Is 4378076203 prime?
False
Is 103143318809 a composite number?
False
Is 98096448649 a composite number?
True
Is 33706306651 a composite number?
False
Is 53388414199 composite?
False
Is 21275497799 composite?
False
Is 15920687243 composite?
True
Is 5351882827 a prime number?
True
Is 2185784701 prime?
True
Is 30376296739 composite?
False
Is 51201085417 a composite number?
True
Is 18868689029 a prime number?
True
Is 6819104801 composite?
False
Is 441428941 prime?
True
Is 13600457951 prime?
True
Is 1316488793 a prime number?
True
Is 4282215779 prime?
True
Is 393818255 a composite number?
True
Is 1087129741 prime?
False
Is 9094451 a composite number?
True
Is 7164837587 a composite number?
False
Is 4023161603 a composite number?
True
Is 7102397455 composite?
True
Is 82977636283 a prime number?
True
Is 97685588881 composite?
False
Is 311264299 a composite number?
False
Is 97020521893 composite?
True
Is 41964263273 composite?
False
Is 398530369 prime?
True
Is 3590047961 prime?
True
Is 81616781 composite?
False
Is 44673926239 a composite number?
False
Is 18619634287 prime?
True
Is 31140388619 prime?
False
Is 5816701721 prime?
True
Is 14672273303 composite?
False
Is 414839429 prime?
True
Is 9105503401 a composite number?
False
Is 757299799 prime?
False
Is 3916506023 a composite number?
False
Is 161616278743 a prime number?
False
Is 1228420981 a prime number?
True
Is 3464909717 prime?
True
Is 2132069899 a prime number?
True
Is 1690805569 composite?
True
Is 1041584173 prime?
False
Is 18504462733 prime?
True
Is 1090290743 prime?
True
Is 5989497187 a prime number?
False
Is 20410187933 composite?
True
Is 386542657 a composite number?
False
Is 32207213827 prime?
True
Is 1103216381 composite?
False
Is 26590864549 a prime number?
False
Is 48508706147 a composite number?
True
Is 57841108849 a composite number?
False
Is 482088421 composite?
True
Is 131374067 a composite number?
True
Is 482776429 composite?
False
Is 2671721191 prime?
True
Is 3981390319 a prime number?
True
Is 42680174731 a prime number?
False
Is 62836992913 a prime number?
True
Is 280134781 a composite number?
False
Is 84462334157 a composite number?
False
Is 20997356867 composite?
True
Is 576060857 a composite number?
False
Is 19612019461 composite?
True
Is 2119917551 composite?
False
Is 2857163459 composite?
False
Is 108539087 composite?
False
Is 2641153787 composite?
False
Is 23227506671 prime?
True
Is 170340572173 a composite number?
True
Is 2844840509 a composite number?
True
Is 1495218407 composite?
False
Is 2940903122 prime?
False
Is 164489190911 composite?
False
Is 14162388607 a prime number?
True
Is 35666534117 composite?
True
Is 2803874069 a prime number?
True
Is 8351336159 composite?
False
Is 4824317567 composite?
False
Is 17573985139 composite?
True
Is 321637069 prime?
False
Is 341349769 composite?
False
Is 124631407 prime?
True
Is 337790191 prime?
False
Is 4692131897 a composite number?
True
Is 77493139 a prime number?
True
Is 3502985971 prime?
True
Is 5874482531 a prime number?
True
Is 410906967886 a composite number?
True
Is 1858181281 a prime number?
False
Is 158944029463 prime?
True
Is 3681159157 a prime number?
False
Is 80855123963 a prime number?
False
Is 162878701 a prime number?
True
Is 2176444643 a prime number?
True
Is 655996811 a prime number?
False
Is 1410523811 a composite number?
False
Is 1105818671 prime?
False
Is 412429586653 a composite number?
True
Is 279930972119 composite?
False
Is 2962568309 a prime number?
True
Is 1067182241 composite?
False
Is 14043683105 composite?
True
Is 2562465154 a prime number?
False
Is 74100047207 a composite number?
False
Is 5440678513 prime?
False
Is 786680610397 composite?
True
Is 84089640617 prime?
False
Is 9270901229 a prime number?
True
Is 174479178091 prime?
False
Is 8672847233 composite?
True
Is 3563358677 a prime number?
False
Is 206986112477 prime?
True
Is 785086451 prime?
True
Is 43156709 a prime number?
False
Is 22912498991 composite?
False
Is 2602946783 a composite number?
False
Is 4364689387 composite?
False
Is 338032691 composite?
False
Is 577808281 composite?
False
Is 11309170045 a prime number?
False
Is 612172277 a prime number?
True
Is 5466063653 composite?
False
Is 82253757923 prime?
False
Is 630508381 a prime number?
False
Is 17063430287 prime?
False
Is 5816131631 a prime number?
True
Is 390861557 a composite number?
False
Is 35085396683 a prime number?
True
Is 4722510893 a prime number?
True
Is 225830729 a prime number?
True
Is 833598481 a composite number?
True
Is 136356257 prime?
False
Is 9509980331 prime?
False
Is 588504797 a composite number?
False
Is 4918952557 a prime number?
True
Is 1816920311 a composite number?
True
Is 18313964231 composite?
True
Is 17389139 a prime number?
True
Is 42823198059 a composite number?
True
Is 1515344237 prime?
False
Is 403921139371 composite?
False
Is 1443764527 a composite number?
False
Is 65967173197 a prime number?
True
Is 136994982211 prime?
True
Is 8475643867 composite?
True
Is 120727567 prime?
False
Is 1161258823 prime?
True
Is 105944849 a prime number?
False
Is 38878294489 a prime number?
False
Is 7729056407 prime?
False
Is 20166582983 prime?
True
Is 1805884831 prime?
True
Is 707159573 prime?
False
Is 10311203949 a prime number?
False
Is 1659512643 composite?
True
Is 8653403611 a composite number?
False
Is 277203131 a composite number?
False
Is 7909815565 a prime number?
False
Is 1212339907 composite?
True
Is 7990908074 a prime number?
False
Is 6657139019 a composite number?
True
Is 4015401673 prime?
True
Is 23421972307 prime?
True
Is 14735475059 a prime number?
False
Is 14645473573 a prime number?
False
Is 961321981 a composite number?
False
Is 28665905705 composite?
True
Is 6078014843 a composite number?
False
Is 20034800467 a composite number?
True
Is 42823803823 a prime number?
True
Is 1736026133 composite?
True
Is 583722487 a prime number?
False
Is 31990794491 composite?
False
Is 412755949 a composite number?
False
Is 957654497 composite?
True
Is 1853591581 composite?
True
Is 20449325489 composite?
False
Is 838891051 prime?
True
Is 26280573443 a composite number?
False
Is 2192091403 a prime number?
True
Is 3779455951 composite?
True
Is 6825170945 a prime number?
False
Is 1390556689 a composite number?
True
Is 205802161 a prime number?
True
Is 8112852749 composite?
False
Is 6557731769 a composite number?
False
Is 15688433729 a composite number?
False
Is 669582143 composite?
False
Is 945306379 composite?
False
Is 1223277613 a composite number?
False
Is 1436458207 prime?
True
Is 2470428341 prime?
False
Is 47173541953 pri